der when (28/35)/((-4)/(-170)) is divided by s.
10
Let h(q) = -7*q**2 - 7*q - 113. Let m(w) = -6*w**2 - 6*w - 112. Let f(z) = 5*h(z) - 6*m(z). What is the remainder when f(0) is divided by 36?
35
Suppose 3*s = -2*b + 84, -b = 2*s - 77 + 21. Calculate the remainder when 108 is divided by s.
24
Suppose -6*a + 161 + 31 = 0. What is the remainder when a is divided by 12?
8
Suppose -3*b + 4*b - 16 = 0. Calculate the remainder when 59 is divided by b.
11
Let c(u) = -u**3 + 11*u**2 + 12*u + 4. Let g be ((-6)/(-4))/((-1)/(-8)). What is the remainder when 14 is divided by c(g)?
2
Let q(n) = -n**2 + 5*n + 2. Let v be q(5). Let d = 4 - v. Calculate the remainder when 6 is divided by d.
0
Let t = 0 - -35. Suppose 2*k + 4 - 2 = 0. What is the remainder when t is divided by 1*k/((-2)/24)?
11
Suppose 2*h + 0*h - 54 = 3*k, 4*k + 61 = -h. Let f = k + 23. Calculate the remainder when 12 is divided by f.
5
Let v = 130 - 76. Suppose -3*o + 66 = 3*a, -4*a + 4*o = -o - 61. What is the remainder when v is divided by a?
16
Calculate the remainder when ((-154)/49)/((-2)/14) is divided by ((-8)/(-5))/((-1)/(-5)).
6
Let u(n) = 6 - n + 18 - 2. What is the remainder when u(0) is divided by 2/4 - (-69)/6?
10
Suppose -16 = -2*t + 38. Suppose 2*z - t + 5 = 0. Calculate the remainder when z is divided by 4.
3
Suppose -u = r + 3*r - 40, -23 = -3*r + u. Suppose -100 = -k - 0*k. Suppose 2*q + 2*q = k. What is the remainder when q is divided by r?
7
Suppose -5*u = -5*z - 100, u + 4*z = 4*u - 59. Calculate the remainder when u is divided by 9.
3
Let d(q) = q**3 - 21*q**2 + 22*q + 3. What is the remainder when d(20) is divided by 15?
13
Let f be (-1 - 0)/(-12 - -11). Calculate the remainder when 39 is divided by 86/4 - f/2.
18
Let q(g) = g**2 + 12*g. What is the remainder when 23 is divided by q(-13)?
10
Let r(y) = 10*y**2 + 1. Let o be r(-3). Let f = -45 + o. Calculate the remainder when f is divided by 12.
10
Let f = -4 - -2. Let h(p) = -10*p - 3. What is the remainder when 49 is divided by h(f)?
15
Let t = -50 + 78. Calculate the remainder when t is divided by 3/9 - 58/(-6).
8
Suppose 54 = 2*a - 2*f, -a - 2*f = -6*a + 135. Suppose -2*s = -s. Suppose 3*m - 7 - 35 = s. What is the remainder when a is divided by m?
13
Let w = -9 - -17. Suppose -3*b = 2*l - 30 - 16, 0 = -3*l + 6. What is the remainder when b is divided by w?
6
Let w = -29 - -50. What is the remainder when w is divided by (2/5)/((-25)/(-750))?
9
Suppose -t + 42 = 2*t. Let c = 149 + -109. Calculate the remainder when c is divided by t.
12
Suppose -4*u + 3*u - 7 = 0. Let s = -2 - u. What is the remainder when s is divided by 3?
2
Suppose 4*u - 18 = -2. Let f be (-31)/(-2) + (-2)/u. Suppose 2*p - 10 - f = -5*q, q = -4*p + 77. What is the remainder when 38 is divided by p?
18
Let t(f) = 2*f - 10. Let n(r) be the first derivative of 3*r**2/2 - 9*r + 3. Let s(k) = 3*n(k) - 2*t(k). What is the remainder when s(10) is divided by 15?
13
Suppose 5*a - 31 = i + 155, 5*i = 2*a - 79. Calculate the remainder when 107 is divided by a.
33
Suppose 17 + 118 = 5*v + w, v - 2*w = 27. Suppose -3*a - v = -6*a. Calculate the remainder when 33 is divided by a.
6
Let d = 15 + -13. Suppose 0 = -b + d + 39. What is the remainder when b is divided by 11?
8
Suppose 5 = w + 4*b, 2*w = 3*b + 2*b + 62. Suppose w + 19 = 5*c. Let t = -11 - -16. What is the remainder when c is divided by t?
3
Suppose -38 = -4*r + 682. Suppose 0 = 5*z + n - r, -130 = 3*z - 7*z + 2*n. What is the remainder when z is divided by 12?
11
Suppose 2*h - 8 = 5*y - 0, -20 = y - 5*h. Calculate the remainder when (y - 2) + 17 + 3 is divided by 7.
4
Let g(u) be the second derivative of 17*u**4/12 + u**3/3 + u**2/2 - u. Let f(n) = -n**3 + 6*n**2 - 4*n + 4. What is the remainder when g(-1) is divided by f(5)?
7
Let j = 30 - 10. Suppose p + j = 6*p. Let o = -8 + 10. Calculate the remainder when p is divided by o.
0
Let u(r) = 2*r**3 + 2*r**2 - 1. Let p be u(3). Suppose 2*g - 43 = -k, 0 = 4*g - k - 12 - p. Calculate the remainder when g is divided by 12.
9
Let h(i) = 0 - 3*i + 0. Let a = 10 - -7. What is the remainder when a is divided by h(-3)?
8
Suppose 4*z = -2*a - 42, a - 6*a - 2*z = 73. Suppose -2*g + 52 = 10. Let i = a + g. What is the remainder when 22 is divided by i?
6
Let m(v) = -v**3 + v**2 - 12. Let i be m(0). Let b = i - -17. What is the remainder when b is divided by 2?
1
Suppose 0 = 5*l + 5*f + 10, l + f + 20 = 6*l. Suppose 2*m = j - 20, 4*j + l*m + 28 - 86 = 0. What is the remainder when j is divided by 9?
7
Suppose -3*z + 2*d - 93 = -6*z, 14 = z - 5*d. Suppose 19 - 69 = -5*w. What is the remainder when z is divided by w?
9
Let w = 99 + -49. Let b(x) = -x + 10. Let i = -5 - 2. Calculate the remainder when w is divided by b(i).
16
What is the remainder when (-3)/(66/(-20) + 3) is divided by 4?
2
Let n = 21 + 79. What is the remainder when n is divided by 21?
16
Suppose -4*y + 30 - 2 = 0. Calculate the remainder when y is divided by (-1)/((-2)/10*(3 + -2)).
2
Suppose -4*g + 1 = -7. Suppose -3*s + b + 20 = 0, 0 = -2*b + 2 - 0. What is the remainder when s is divided by 9*((-7)/(-3) - g)?
1
Let g(f) = 2*f + 2. Let z(x) = 2*x**2 + 4*x - 5. Calculate the remainder when z(-4) is divided by g(2).
5
Suppose -2*b + 3 = -1, 0 = w - b - 15. Calculate the remainder when w is divided by 4.
1
Let o(h) = -h**3 - h**2 + 29. Let j = 2 + -2. Let x = 14 - -1. Calculate the remainder when o(j) is divided by x.
14
Let a be (0*1/(-2))/(-2). Let y(s) = -s**2 + s + 26. What is the remainder when y(a) is divided by 14?
12
Let z be 5*(32/10 - 2). Let f(j) = 2*j - 5. Let k be f(z). Suppose -189 = -4*d + k. What is the remainder when d is divided by 17?
15
Suppose 0 = 5*b, 0*d + d - 2*b - 52 = 0. Let m = d + -18. Calculate the remainder when m is divided by 9.
7
Suppose 0 = 3*k + 3 - 21. Suppose f = -3*f + 60. Calculate the remainder when 38 is divided by 52/k*f/10.
12
Suppose 3*z - 4*l = 36, 39 = 3*z + l + 3. Suppose 5*b - 151 = 2*b + 2*j, -4*b - j + 183 = 0. Calculate the remainder when b is divided by z.
11
Let y be 5*1*(-176)/40. Let c = -2 - y. Calculate the remainder when 78 is divided by c.
18
Let i(a) = a**3 + 14*a**2 - 7*a - 10. Calculate the remainder when i(-14) is divided by 18.
16
Let t be (0 - 0 - -1)*4. Let c be t - ((0 - 1) + 0). Suppose -k + 2*m + m = 12, c*m - 28 = -k. What is the remainder when k is divided by 2?
1
Calculate the remainder when 31 is divided by (-10)/(-4) - (-81)/6.
15
Let m(w) be the second derivative of 5*w**3/6 + 7*w**2 + 8*w. Calculate the remainder when m(7) is divided by 25.
24
Let a(w) = 33*w**2 - 3*w. Let z be a(2). Let k = -27 - -21. Calculate the remainder when z/(-12)*16/k is divided by 10.
8
Suppose 7*v = 4*v + 171. What is the remainder when v is divided by 30?
27
Let p be (-356)/(-16) - (-2)/(-8). Let d = p + -9. What is the remainder when -4*18/(-4)*2 is divided by d?
10
Let f be (3 - 4)*(1 - 0). What is the remainder when 505/30 - f/6 is divided by 5?
2
Let w = 50 + -21. Suppose 0 = f, -28 = -3*g - 4*f + w. Calculate the remainder when 3976/72 - (-2)/(-9) is divided by g.
17
Let k = -61 - -93. What is the remainder when k is divided by 9?
5
Suppose -7 = -2*g - o, g - 4*o + 4 - 3 = 0. Calculate the remainder when 4 is divided by g.
1
Suppose -u = k - 3, 3*k - 2*k - 28 = 4*u. Calculate the remainder when k is divided by 5.
3
Suppose -14*q - 16 = -15*q. What is the remainder when 46 is divided by q?
14
Let k(a) = -a**3 + 6*a**2 - 3*a + 5. Let n be k(4). Suppose -2*g = 3*g - n. What is the remainder when 14 is divided by g?
4
What is the remainder when (-11)/(1 - (-5)/(-4)) is divided by 17?
10
Let j(x) = 11*x + 2. Let k = -1 + -1. Let u be j(k). What is the remainder when 351/15 - 12/u is divided by 9?
6
Let f = -30 - -20. Let h be (-24)/(-4)*(-6)/4. What is the remainder when 21 is divided by f*(0 - h/(-15))?
3
Let b be (1 - 2) + 3 + 2. Suppose b*n = 87 + 21. Calculate the remainder when 4/(-6)*n/(-6) is divided by 2.
1
Let b(y) = -y**3 + 4*y**2 + 4. Calculate the remainder when 38 is divided by b(3).
12
Suppose -3*w = w. Suppose 100 = -w*h + 4*h. What is the remainder when 97 is divided by h?
22
Let r be (-8)/2 - (9 + -10). Let g = 14 + r. What is the remainder when 31 is divided by g?
9
Suppose b + 5*x - 2*x - 80 = 0, -3*b = -3*x - 204. Calcu